ainder when 172 is divided by 45.
37
Calculate the remainder when 226 is divided by 70.
16
Calculate the remainder when 106 is divided by 37.
32
What is the remainder when 262 is divided by 33?
31
Calculate the remainder when 3322 is divided by 5.
2
Calculate the remainder when 249 is divided by 23.
19
Calculate the remainder when 178 is divided by 90.
88
Calculate the remainder when 2911 is divided by 31.
28
What is the remainder when 62 is divided by 17?
11
Calculate the remainder when 52 is divided by 6.
4
What is the remainder when 5014 is divided by 19?
17
Calculate the remainder when 1826 is divided by 25.
1
Calculate the remainder when 28 is divided by 11.
6
What is the remainder when 167 is divided by 19?
15
What is the remainder when 847 is divided by 53?
52
What is the remainder when 218 is divided by 71?
5
Calculate the remainder when 196 is divided by 67.
62
Calculate the remainder when 482 is divided by 122.
116
What is the remainder when 83 is divided by 40?
3
Calculate the remainder when 215 is divided by 31.
29
What is the remainder when 550 is divided by 12?
10
Calculate the remainder when 6608 is divided by 19.
15
What is the remainder when 193 is divided by 80?
33
Calculate the remainder when 389 is divided by 137.
115
What is the remainder when 4755 is divided by 1576?
27
Calculate the remainder when 74 is divided by 56.
18
Calculate the remainder when 623 is divided by 106.
93
What is the remainder when 77 is divided by 29?
19
Calculate the remainder when 3004 is divided by 17.
12
What is the remainder when 132 is divided by 15?
12
Calculate the remainder when 226 is divided by 152.
74
Calculate the remainder when 242 is divided by 23.
12
What is the remainder when 1099 is divided by 69?
64
What is the remainder when 15907 is divided by 312?
307
What is the remainder when 210 is divided by 72?
66
What is the remainder when 766 is divided by 128?
126
What is the remainder when 7056 is divided by 415?
1
Calculate the remainder when 706 is divided by 157.
78
Calculate the remainder when 2898 is divided by 20.
18
Calculate the remainder when 131 is divided by 41.
8
What is the remainder when 90 is divided by 7?
6
What is the remainder when 47 is divided by 18?
11
Calculate the remainder when 1454 is divided by 26.
24
What is the remainder when 231 is divided by 9?
6
Calculate the remainder when 31 is divided by 17.
14
What is the remainder when 156 is divided by 120?
36
Calculate the remainder when 964 is divided by 65.
54
Calculate the remainder when 71 is divided by 58.
13
Calculate the remainder when 265 is divided by 38.
37
Calculate the remainder when 2398 is divided by 27.
22
What is the remainder when 240 is divided by 22?
20
Calculate the remainder when 100 is divided by 68.
32
Calculate the remainder when 167 is divided by 5.
2
Calculate the remainder when 40 is divided by 28.
12
What is the remainder when 317 is divided by 111?
95
Calculate the remainder when 71 is divided by 7.
1
What is the remainder when 310 is divided by 39?
37
Calculate the remainder when 1519 is divided by 374.
23
What is the remainder when 99 is divided by 38?
23
What is the remainder when 4371 is divided by 25?
21
Calculate the remainder when 743 is divided by 365.
13
What is the remainder when 1302 is divided by 250?
52
What is the remainder when 339 is divided by 117?
105
Calculate the remainder when 453 is divided by 168.
117
Calculate the remainder when 5217 is divided by 20.
17
Calculate the remainder when 637 is divided by 10.
7
What is the remainder when 84 is divided by 12?
0
What is the remainder when 210 is divided by 62?
24
Calculate the remainder when 1401 is divided by 21.
15
Calculate the remainder when 34087 is divided by 70.
67
Calculate the remainder when 1022 is divided by 19.
15
Calculate the remainder when 931 is divided by 17.
13
Calculate the remainder when 188 is divided by 127.
61
What is the remainder when 141 is divided by 4?
1
What is the remainder when 302 is divided by 14?
8
What is the remainder when 388 is divided by 38?
8
Calculate the remainder when 4257 is divided by 142.
139
Calculate the remainder when 168 is divided by 52.
12
What is the remainder when 654 is divided by 51?
42
What is the remainder when 524 is divided by 19?
11
Calculate the remainder when 65 is divided by 19.
8
What is the remainder when 108 is divided by 6?
0
Calculate the remainder when 322 is divided by 66.
58
Calculate the remainder when 530 is divided by 28.
26
Calculate the remainder when 310 is divided by 104.
102
Calculate the remainder when 33 is divided by 17.
16
Calculate the remainder when 5655 is divided by 21.
6
What is the remainder when 194 is divided by 104?
90
Calculate the remainder when 77 is divided by 29.
19
What is the remainder when 2322 is divided by 15?
12
What is the remainder when 6961 is divided by 23?
15
Calculate the remainder when 357 is divided by 68.
17
What is the remainder when 66 is divided by 24?
18
Calculate the remainder when 587 is divided by 147.
146
What is the remainder when 1518 is divided by 95?
93
What is the remainder when 89 is divided by 13?
11
Calculate the remainder when 60 is divided by 27.
6
What is the remainder when 209 is divided by 124?
85
What is the remainder when 201 is divided by 12?
9
What is the remainder when 765 is divided by 128?
125
What is the remainder when 181 is divided by 41?
17
Calculate the remainder when 1725 is divided by 58.
43
What is the remainder when 320 is divided by 25?
20
What is the remainder when 66 is divided by 6?
0
What is the remainder when 9904 is divided by 127?
125
What is the remainder when 26 is divided by 6?
2
What is the remainder when 114 is divided by 29?
27
What is the remainder when 1058 is divided by 4?
2
What is the remainder when 126 is divided by 24?
6
Calculate the remainder when 50 is divided by 3.
2
What is the remainder when 63 is divided by 36?
27
What is the remainder when 2683 is divided by 44?
43
Calculate the remainder when 208 is divided by 39.
13
Calculate the remainder when 1342 is divided by 155.
102
What is the remainder when 855 is divided by 266?
57
What is the remainder when 340 is divided by 31?
30
What is the remainder when 1248 is divided by 38?
32
Calculate the remainder when 458 is divided by 53.
34
What is the remainder when 965 is divided by 153?
47
Calculate the remainder when 634 is divided by 49.
46
What is the remainder when 1629 is divided by 234?
225
Calculate the remainder when 155 is divided by 59.
37
What is the remainder when 6484 is divided by 1079?
10
What is the remainder when 79 is divided by 24?
7
Calculate the remainder when 1064 is divided by 7.
0
What is the remainder when 710 is divided by 56?
38
What is the remainder when 488 is divided by 95?
13
What is the remainder when 633 is divided by 147?
45
What is the remainder when 778 is divided by 116?
82
What is the remainder when 6221 is divided by 46?
11
Calculate the remainder when 166 is divided by 17.
13
What is the remainder when 68 is divided by 18?
14
Calculate the remainder when 1346 is divided by 435.
41
What is the remainder when 79 is divided by 72?
7
What is the remainder when 71 is divided by 43?
28
Calculate the remainder when 25468 is divided by 199.
195
Calculate the remainder when 13 is divided by 2.
1
Calculate the remainder when 202 is divided by 12.
10
What is the remainder when 874 is divided by 25?
24
What is the remainder when 436 is divided by 382?
54
Calculate the remainder when 157 is divided by 22.
3
What is the remainder when 72 is divided by 37?
35
Calculate the remainder when 2985 is divided by 103.
101
Calculate the remainder when 49 is divided by 26.
23
What is the remainder when 128 is divided by 11?
7
What is the remainder when 239 is divided by 24?
23
What is the remainder when 944 is divided by 86?
84
Calculate the remainder when 1187 is divided by 70.
67
Calculate the remainder when 341 is divided by 69.
65
Calculate the remainder when 744 is divided by 246.
6
What is the remainder when 1265 is divided by 212?
205
What is the remainder when 1119 is divided by 16?
15
Calculate the remainder when 61 is divided by 33.
28
Calculate the remainder when 407 is divided by 18.
11
Calculate the remainder when 216